1001000010111010110110
In base 12, what is -3b357 - -1?
-3b356
In base 5, what is 1000334 + -23?
1000311
In base 2, what is 1010101000 - 1110110?
1000110010
In base 5, what is -141 + -214032?
-214223
In base 13, what is -94b - -3ca?
-551
In base 14, what is -c + 510?
502
In base 4, what is 333 + -1130?
-131
In base 11, what is 8217 + 2?
8219
In base 7, what is -34306 + 110?
-34166
In base 8, what is -1031 - -3376?
2345
In base 14, what is -2009 + 71?
-1d78
In base 6, what is 1 - -22343?
22344
In base 14, what is 38bbb4 - 5?
38bbad
In base 9, what is -5 + -14065?
-14071
In base 8, what is 1 + 766366?
766367
In base 10, what is -17 - 761?
-778
In base 11, what is 12 - -241?
253
In base 6, what is 454143 + 221?
454404
In base 5, what is -1023 - -300413?
244340
In base 2, what is -10000100110001 - 100010?
-10000101010011
In base 7, what is 3 + -463336?
-463333
In base 12, what is -3 - 15007?
-1500a
In base 7, what is 1 + -31031?
-31030
In base 2, what is 1 + -10110001000010?
-10110001000001
In base 11, what is 1 - 974572?
-974571
In base 10, what is 1830390 + 1?
1830391
In base 10, what is 337 + -366?
-29
In base 4, what is 22302313 - 212?
22302101
In base 6, what is -20 - 4540?
-5000
In base 2, what is 1000001110 + 100000100?
1100010010
In base 9, what is 1301 + 1040?
2341
In base 14, what is d78a - -5?
d791
In base 15, what is 0 + 1355?
1355
In base 9, what is -3 - 46055?
-46058
In base 13, what is 3 + 99c6a?
99c70
In base 7, what is 2 - -4116?
4121
In base 6, what is 0 - -2435404?
2435404
In base 4, what is 11302 - -2003?
13311
In base 8, what is 4 + -1704121?
-1704115
In base 12, what is 3440 - -24?
3464
In base 14, what is -23 - -1c57?
1c34
In base 3, what is -12021222001 + -10?
-12021222011
In base 7, what is 4130660 - 4?
4130653
In base 11, what is 11 - -786?
797
In base 3, what is -212 + 112221?
112002
In base 12, what is 13 - 1879?
-1866
In base 9, what is -8 + 280626?
280617
In base 4, what is 1333013230 - 3?
1333013221
In base 14, what is -2817c7 - -1?
-2817c6
In base 7, what is 1 + -343505?
-343504
In base 15, what is -2e7 - 65?
-35c
In base 10, what is 279 + 209?
488
In base 9, what is -8343 - -313?
-8030
In base 3, what is -1 + -22001021?
-22001022
In base 3, what is 100021110 + -102221?
22211112
In base 12, what is 110 - -6a?
17a
In base 3, what is -22112 + 220?
-21122
In base 11, what is 5613 + 220?
5833
In base 10, what is 5 - 144666?
-144661
In base 8, what is -1315316 + -21?
-1315337
In base 4, what is -3 - 11323033?
-11323102
In base 8, what is -7472762 - -1?
-7472761
In base 2, what is -100001010011100111 + -10?
-100001010011101001
In base 4, what is -123 + -2312?
-3101
In base 11, what is -19 - 1a1?
-20a
In base 8, what is -24 + -376?
-422
In base 8, what is -252306 + 3?
-252303
In base 4, what is -11 + 11111120?
11111103
In base 10, what is 0 - -40?
40
In base 11, what is 0 + 2a65?
2a65
In base 13, what is c - 4989?
-497a
In base 4, what is 0 + -2102020?
-2102020
In base 11, what is 5018 - -4?
5021
In base 16, what is 3c - 1157?
-111b
In base 12, what is -b69756 - -5?
-b69751
In base 15, what is -23e1 + -1d?
-240e
In base 4, what is -3 - 1201323?
-1201332
In base 16, what is -1035 + -d?
-1042
In base 2, what is -1010000011100000 + -11101?
-1010000011111101
In base 14, what is -2 - 12c7?
-12c9
In base 8, what is 4 + -56722?
-56716
In base 9, what is -385 - 150?
-545
In base 11, what is -a0722 - 0?
-a0722
In base 11, what is 166 - -143?
2a9
In base 15, what is -292462 + 3?
-29245e
In base 13, what is -303a - -18?
-3022
In base 10, what is 3409 - -3?
3412
In base 14, what is -2 - -4a5c?
4a5a
In base 13, what is 68 + -17?
51
In base 16, what is 13a - -a9?
1e3
In base 3, what is -1 + 101201102?
101201101
In base 16, what is 6c + 1169e?
1170a
In base 13, what is -514 - 28?
-53c
In base 16, what is -1 + -5da0?
-5da1
In base 7, what is -1031 + 24?
-1004
In base 9, what is -42 - -10?
-32
In base 3, what is 100011 + -12100?
10211
In base 9, what is 1053 + 24?
1077
In base 11, what is -50815 + -a?
-50824
In base 12, what is 2531a + -2?
25318
In base 10, what is -1190 + 139?
-1051
In base 7, what is -634 + -156?
-1123
In base 13, what is -89a - 32?
-8cc
In base 8, what is -776257 - 7?
-776266
In base 16, what is 1 - -df21a?
df21b
In base 14, what is 17d3a + 5?
17d41
In base 11, what is 436071 + 5?
436076
In base 16, what is 7 - ae45?
-ae3e
In base 15, what is -a66 - -e2?
-974
In base 4, what is 10 - 2122311?
-2122301
In base 6, what is -141035 + -250?
-141325
In base 15, what is 2 + 151de?
151e1
In base 8, what is 125 + 171?
316
In base 3, what is 20 - 10001000212?
-10001000122
In base 14, what is 4 + -42cb?
-42c7
In base 10, what is -1 - -34455?
34454
In base 12, what is -626 + -120?
-746
In base 11, what is -119901 + -1?
-119902
In base 3, what is -1121 + -2022112001?
-2022120122
In base 15, what is -c + -3de?
-3eb
In base 12, what is 181 - -b?
190
In base 7, what is 50330500 - -5?
50330505
In base 3, what is 11001 + 20122102?
20210110
In base 12, what is 1a7 - -5420?
5607
In base 9, what is 64 + -471?
-406
In base 8, what is 3 - -6241?
6244
In base 11, what is 596 - -674?
115a
In base 12, what is 0 - 9066?
-9066
In base 16, what is -8e660 + 1?
-8e65f
In base 11, what is -399787 + -4?
-399790
In base 7, what is 236235216 - -3?
236235222
In base 14, what is -5 + a384?
a37d
In base 7, what is 150540 - 1?
150536
In base 11, what is -1028 + -2a?
-1057
In base 7, what is 43 + -6242?
-6166
In base 10, what is -123 - -3173?
3050
In base 7, what is -62461 + 126?
-62332
In base 12, what is -4 - 9388?
-9390
In base 14, what is 14c58b - 4?
14c587
In base 4, what is 113033023 - 0?
113033023
In base 4, what is 10312 - 1312203?
-1301231
In base 13, what is -c - ac1?
-b00
In base 7, what is 40045022 + 2?
40045024
In base 7, what is 223 - -644?
1200
In base 8, what is -12 - 532757?
-532771
In base 9, what is 75600 + -21?
75568
In base 15, what is 77 - -20?
97
In base 15, what is -304a - 20?
-306a
In base 8, what is 2 + -2113537?
-2113535
In base 13, what is 2b950 - 4?
2b949
In base 12, what is b55 - 25?
b30
In base 7, what is 5 + 42222?
42230
In base 16, what is 8 + -5fa?
-5f2
In base 11, what is 7 - 2106?
-20aa
In base 7, what is -325 + -313?
-641
In base 16, what is -518 - 18?
-530
In base 16, what is 20 - -76d8?
76f8
In base 14, what is 109261 + -1?
109260
In base 16, what is -cd - -c2a?
b5d
In base 9, what is 3140346 + 0?
3140346
In base 9, what is -283845 + -2?
-283847
In base 7, what is -334 - -321?
-13
In base 5, what is 4302143 - -2?
4302200
In base 12, what is 53b + 51?
590
In base 10, what is -89990 - -3?
-89987
In base 16, what is -43a271 - -2?
-43a26f
In base 4, what is 20 - 1021331201?
-1021331121
In base 3, what is 2020 + -101210?
-22120
In base 12, what is -5b63 - -13?
-5b50
In base 11, what is -248934 + 3?
-248931
In base 5, what is -20013023 + -32?
-20013110
In base 9, what is 3 - -486630?
486633
In base 13, what is c027 + -12?
c015
In base 16, what is 7 - 7f6e?
-7f67
In base 9, what is 724856 + -3?
724853
In base 7, what is -101362 - 3?
-101365
In base 5, what is -302300 + -112?
-302412
In base 12, what is 4061 + -13?
404a
In base 6, what is 102324 - -5?
102333
In base 4, what is 12100003 - 31?
12033312
In base 4, what is 10300 + -1001?
3233
In base 8, what is 21 - -24250?
24271
In base 15, what is 14 + -d2d?
-d19
In base 6, what is -1501 + -2450?
-4351
In base 4, what is 2103332 + -202?
2103130
In base 6, what is 312104 + 14?
312122
In base 13, what is -112 - -243?
131
In base 4, what is 33 + 12203331?
12210030
In base 11, what is -87 + -757?
-833
In base 16, what is 646d + 0?
646d
In base 3, what is -10122000112020 - 2?
-10122000112022
In base 12, what is -806 - 6b?
-875
In base 10, what is -1758 + -84?
-1842
In base 8, what is -2 + -141623?
-141625
In base 4, what is 0 - -2331232301?
2331232301
In base 14, what is 2 + 10dc?
1100
In base 16, what is 3 + 1a55a?
1a55d
In base 2, what is 111011 - 110001011010101?
-110001010011010
In base 5, what is -10 + 144121022?
144121012
In base 6, what is 24453132 + 4?
24453140
In base 11, what is 4 + 4723a?
47243
In base 16, what is -5 + -2f86c?
-2f871
In base 6, what is -21 + 13532?
13511
In base 2, what is -10111 + 1000000101001011?
1000000100110100
In base 4, what is 10 - -332111312?
33